= 5*g - p. What are the prime factors of g?
29
Let v = 257 - 140. Let q(f) = 15*f - 18. Let y be q(5). Let b = y + v. List the prime factors of b.
2, 3, 29
Let z(h) = -h**3 + 5*h**2 + 3*h + 3. Let l be z(4). Suppose -6*c + 7 - l = 0. Let n(g) = -4*g - 5. What are the prime factors of n(c)?
11
Let j(l) = 845*l - 1314. What are the prime factors of j(10)?
2, 223
Suppose 473*p - 3*h = 472*p + 4200, 3*h + 21060 = 5*p. List the prime factors of p.
3, 5, 281
Let a = -2124 - -2171. What are the prime factors of a?
47
What are the prime factors of (-2)/(-7) + (2501072/224)/(14/76)?
7, 1237
Let c(x) = 11*x**2 + 2*x**2 + x + 27*x - 8*x + 11 + 11*x. What are the prime factors of c(-9)?
5, 157
Let x = -8732 - -16063. List the prime factors of x.
7331
Suppose -4 = 2*v, -3*v + 5*v + 448 = -4*d. Let o = 217 - d. List the prime factors of o.
2, 41
Let q(b) be the first derivative of 1/3*b**3 + 4*b - 26 + 5/2*b**2 - 93/4*b**4. List the prime factors of q(-1).
3, 31
Suppose 0 = 2*g - g + 2*g. Suppose -h + 2*h + 4*j - 19 = g, 0 = 2*h - j - 2. What are the prime factors of 4/h*-10*2*-3?
2, 5
Suppose -15*p + 18*p - 15 = 0. Suppose 0 = 2*h - 0*l + p*l - 662, -1625 = -5*h - 5*l. List the prime factors of h.
3, 107
Let p(m) = m + 3. Let o be p(-7). Let z be (-78)/(o + (-13)/(-4)). Suppose -z*g + 315 = -99*g. What are the prime factors of g?
3, 7
Let a(k) = -k - 1. Let y be a(-7). Suppose -y*s = -s + 2850. List the prime factors of (-2)/8 - 7/(56/s).
71
Suppose -4*f = 4*y - 7990 - 5138, -f = -3*y - 3274. What are the prime factors of f?
2, 5, 41
What are the prime factors of ((1312/144)/(-41))/(2/(-288567))?
32063
Suppose 41173579 - 5328331 = 578*s. List the prime factors of s.
2, 3, 17, 19
Suppose 146249 - 78805 + 222784 = 37*p. List the prime factors of p.
2, 37, 53
Let q be (-3 - -271) + (-28)/7. Suppose -o + q = -689. List the prime factors of o.
953
Let n(m) = -5224*m**3 - m**2 + 38*m + 40. List the prime factors of n(-1).
5, 11, 19
Let q(k) = 28*k - 14. Let r = 82 - 73. List the prime factors of q(r).
2, 7, 17
Suppose 2*q = -8, 0 = -0*f + 4*f - 3*q - 24. What are the prime factors of (-498)/12*(-7 + 3/f)?
3, 83
Suppose -13*v = -5163 - 194337 + 32307. What are the prime factors of v?
3, 1429
Let j be (40/100 + 8/30)*2319. Suppose j = -19*m + 21*m - 3*n, 0 = 4*n + 16. List the prime factors of m.
13, 59
What are the prime factors of (6663 - 11)*(8 - 21/3)?
2, 1663
Let c(j) be the second derivative of 39*j**5/20 + j**3/6 - j**2/2 - 17*j. Let s(h) = -h**2 - 15*h - 13. Let a be s(-14). List the prime factors of c(a).
3, 13
Suppose 7*w - 3*w = -g - 56, 0 = -5*g + 2*w - 170. List the prime factors of ((-1593)/g)/(6/176).
2, 11, 59
Let s(t) = -t**2 + 2*t. Let l be s(0). Suppose l = -2*j + 28 + 396. Suppose j + 112 = 3*b. What are the prime factors of b?
2, 3
Suppose -4*y + 63 = -5*a, 4*y - 2*y - 5*a = 39. Suppose -3*b = y, u + 8*b - 9*b = 807. List the prime factors of u.
11, 73
Suppose 3*f + 469 = -2*u, -u - 237 = -f + 5*f. Let j = 1728 + u. What are the prime factors of j?
5, 13, 23
Let i = -1730 + 18985. List the prime factors of i.
5, 7, 17, 29
Let x(w) = 2*w**3 - 8*w**2 - 7*w + 20. Let q be x(4). List the prime factors of q/14 - (-9260)/35.
2, 3, 11
Let g(c) = 6*c**2 + 12*c - 12. Let n be g(-3). Suppose 10*d - n*d - a = 1503, -1131 = -3*d - 3*a. List the prime factors of d.
2, 47
Let w(s) = 16*s**3 + s**2 - 47*s + 322. List the prime factors of w(7).
2, 5, 7, 79
Suppose 1020 = 19*o + 11*o. Suppose -o*d = -28*d - 1176. What are the prime factors of d?
2, 7
Suppose -56*h = -31*h - 13025. Let f = 578 - h. List the prime factors of f.
3, 19
Suppose -2149*h = -2157*h + 11104. Suppose 5*o = 3 + 22. Suppose -o*j - 198 = -h. List the prime factors of j.
2, 7, 17
Suppose -26*c = -44*c + 18. List the prime factors of (c + -754)/(207/(-276)).
2, 251
Suppose 5*n + 4*m = 30, -5*m + 3*m + 10 = 0. Suppose -2*d + 230 = 2*h, 6*d + 121 = 7*d - n*h. List the prime factors of d.
3, 13
Let w be ((6 - -6) + -5)*-1. Let q(z) = -z**3 + 7*z + 12. List the prime factors of q(w).
2, 3, 17
Let v = -645 + 1078. Let o = -195 + v. What are the prime factors of o?
2, 7, 17
Let m(k) = -20*k + 122. Let n be m(6). Suppose n*f - 1509 = -603. List the prime factors of f.
3, 151
Suppose o - 3*o = -4, k - o + 10 = 0. Let w = -8 - k. Suppose -x = -w*x - 1, -2*v + 2*x + 324 = 0. What are the prime factors of v?
163
Let c = 5095 + -3708. What are the prime factors of c?
19, 73
Suppose -7*d = -5*d - 12. Suppose -10*b = -d*b - 228. Suppose -56*s - 135 = -b*s. List the prime factors of s.
3, 5
Suppose 4*q - 30 = -q. Suppose 2*o = -2*v, -5*o + 21 = -5*v + 3*v. Suppose q - o = j. List the prime factors of j.
3
Let o be 37063/6 + (-62)/372. Suppose -4*i = -i + j - o, i = 4*j + 2046. What are the prime factors of i?
2, 3, 7
Let x = -14 - -8. Let h(u) = -6*u - 11. Let y be h(x). Suppose -y = 4*s - 897. What are the prime factors of s?
2, 109
Let o = -2448 - -13714. List the prime factors of o.
2, 43, 131
Let i = 54653 - 28485. What are the prime factors of i?
2, 3271
Let o = -30 - -15. Let p(d) = -8*d - 21. Let r be p(o). List the prime factors of 16/(3/r*6).
2, 11
Let w be (3 - 2) + 5 - 2. Suppose -3*r = w*a, 1 = -3*r - 11. Suppose g - 3*p - 15 = 22, 0 = -a*g - 5*p + 125. What are the prime factors of g?
2, 5
Suppose 0 = 20*p - 46*p + 52. Suppose 2*s - 3*b - 1265 = 0, p*s - 10*b + 12*b - 1280 = 0. What are the prime factors of s?
7, 13
List the prime factors of 71301/9 - (-370)/222.
2, 7, 283
What are the prime factors of (5 - 28170)*60/(-50)?
2, 3, 43, 131
Let i = -358 - -240. Let j = -796 - -796. Let c = j - i. What are the prime factors of c?
2, 59
Let f(q) = -q**2 - 32*q + 234. Let c be f(6). Suppose 0 = c*l - 3829 - 5087. List the prime factors of l.
2, 743
Let x(y) = -y**3 - 11*y**2 - 8*y + 20. Let n = -51 - -41. Let m be x(n). Suppose m = -t - d - 42 + 125, 4*d = 2*t - 166. List the prime factors of t.
83
Let i(c) = -74*c - 78*c - 36 + 46*c - 142*c. What are the prime factors of i(-2)?
2, 5, 23
List the prime factors of 2045 + 0*(-3 - -6)/3.
5, 409
Let o be 1/(-8) + 30/(-16) + 5. Suppose -2*r - 3*w = -0*r - 425, -646 = -o*r + 4*w. List the prime factors of r.
2, 107
Let a(f) = f**3 + 40*f**2 - 88*f - 159. Let l be a(-42). What are the prime factors of (2/(-3))/(l + -11)*3675?
5, 7
Let a = 59 + -45. Let w(f) = 5*f**2 - 54*f - 31. List the prime factors of w(a).
193
Let c(i) = 18*i - 172. Let a(r) = -8*r + 87. Let p(x) = 13*a(x) + 6*c(x). List the prime factors of p(29).
5, 43
Let h = -1190 + 846. Let k = h - -671. What are the prime factors of k?
3, 109
Suppose -4*f + 2*q - 58 = 0, 0 = -0*f - 2*f + 5*q - 41. Suppose 338 + 3406 = -36*i. What are the prime factors of (-2)/f + (-1752)/i?
17
Let k = -253 - -232. What are the prime factors of (-278)/(-3)*(-63)/k?
2, 139
Let m(z) = -766*z. Let g be m(-2). Suppose -5917 = -3*n + 3*q + g, 4*n - 9902 = -2*q. List the prime factors of n/27 - (-14)/63.
2, 23
Let l(k) = -6*k**2 + k - 148. Let d(s) = -s**2 + 2. Let g(o) = 4*d(o) - l(o). List the prime factors of g(0).
2, 3, 13
Suppose 39*g = 50*g - 22. Suppose 0 = g*c + 12*c - 3864. What are the prime factors of c?
2, 3, 23
Suppose 12394 = 31*p - 2176. List the prime factors of p.
2, 5, 47
Suppose -1140 = -i + 1300. Suppose 3*b - 13*b + i = 0. Suppose 4*v = 5*u - 544, -4*u - 3*v = -216 - b. List the prime factors of u.
2, 7
Suppose 0 = -10*b + 15*b - 8125. Suppose -b - 1295 = -10*l. Suppose -2*j = 2*x - 6*j - l, -5*x + 5*j + 710 = 0. List the prime factors of x.
2, 3, 23
Suppose -203367 = -14*d - 3*t, -14529 = -d - t - 2*t. List the prime factors of d.
2, 3, 269
List the prime factors of 310/(-31) - (-28915 - 0).
3, 5, 41, 47
Let o = -171716 - -252334. What are the prime factors of o?
2, 173, 233
Let b(a) = a**3 + 16*a**2 + 2. Let n be (4 - -4)*(4 + -6). What are the prime factors of b(n)?
2
Suppose 31*f = 13*f + 54. Suppose -3*m - 1495 = -f*y - 4873, -4512 = -4*m + 2*y. What are the prime factors of m?
2, 5, 113
Suppose -2*q = 3*c - 1338, -c = 4*c - 2*q - 2246. Let u = 302 - c. Let v = -73 - u. What are the prime factors of v?
73
Let h be 2896/(-64) + (-1)/(-4). Suppose -5*j = x + 201, -2*j - 5 = 3*j. What are the prime factors of (x/(-10))/((-9)/h)?
2, 7
Let i(h) = 25*h**2 + 47*h - 231. List the prime factors of 